ided by 7156239?
33
What is the remainder when 341771 is divided by 1395?
1391
What is the remainder when 6333 is divided by 1249?
88
Calculate the remainder when 2078 is divided by 301.
272
What is the remainder when 76538 is divided by 2255?
2123
Calculate the remainder when 40848456 is divided by 11878.
14
Calculate the remainder when 23768421 is divided by 1471.
3
Calculate the remainder when 174191905 is divided by 30.
25
Calculate the remainder when 70217942 is divided by 180046.
2
What is the remainder when 11144224 is divided by 5572098?
28
What is the remainder when 25127617 is divided by 3589649?
74
Calculate the remainder when 11723337 is divided by 11723244.
93
What is the remainder when 199528 is divided by 49402?
1920
Calculate the remainder when 475418 is divided by 549.
533
Calculate the remainder when 721910 is divided by 240580.
170
What is the remainder when 111871 is divided by 2205?
1621
What is the remainder when 3637240 is divided by 3637204?
36
What is the remainder when 1160907 is divided by 212?
207
What is the remainder when 143878581 is divided by 20554081?
14
Calculate the remainder when 132139 is divided by 5505.
19
What is the remainder when 8732 is divided by 2314?
1790
What is the remainder when 27636694 is divided by 674?
672
Calculate the remainder when 114218 is divided by 36729.
4031
What is the remainder when 3839598 is divided by 2320?
2318
What is the remainder when 2358275 is divided by 511?
10
What is the remainder when 4072498 is divided by 370220?
78
Calculate the remainder when 270265 is divided by 1477.
1451
What is the remainder when 39578 is divided by 18102?
3374
Calculate the remainder when 4029630 is divided by 690.
30
Calculate the remainder when 22398121 is divided by 1497.
7
Calculate the remainder when 793249 is divided by 8613.
853
What is the remainder when 1730633 is divided by 288436?
17
Calculate the remainder when 24336 is divided by 23017.
1319
What is the remainder when 14905 is divided by 12960?
1945
Calculate the remainder when 7442303 is divided by 1240378.
35
What is the remainder when 2927909 is divided by 493?
475
What is the remainder when 3019304 is divided by 3019208?
96
What is the remainder when 1124180 is divided by 2647?
1852
Calculate the remainder when 97702 is divided by 345.
67
Calculate the remainder when 499072 is divided by 166251.
319
Calculate the remainder when 1208479 is divided by 69.
13
Calculate the remainder when 2545655 is divided by 2443.
49
Calculate the remainder when 15625234 is divided by 22.
20
What is the remainder when 18392578 is divided by 9196265?
48
What is the remainder when 357678 is divided by 178834?
10
What is the remainder when 301443 is divided by 5377?
331
Calculate the remainder when 131972 is divided by 5771.
5010
Calculate the remainder when 65804 is divided by 374.
354
Calculate the remainder when 743380 is divided by 4.
0
What is the remainder when 15217962 is divided by 4212?
6
Calculate the remainder when 1294842 is divided by 3689.
3
What is the remainder when 5821530 is divided by 885?
0
Calculate the remainder when 57999 is divided by 19312.
63
Calculate the remainder when 101954 is divided by 1494.
362
Calculate the remainder when 27373 is divided by 657.
436
Calculate the remainder when 660274 is divided by 1191.
460
Calculate the remainder when 3367653 is divided by 216.
213
Calculate the remainder when 951197 is divided by 13587.
107
What is the remainder when 21944489 is divided by 3?
2
Calculate the remainder when 697592 is divided by 9301.
17
Calculate the remainder when 40809 is divided by 972.
957
Calculate the remainder when 42029 is divided by 405.
314
What is the remainder when 155385 is divided by 5187?
4962
What is the remainder when 745238 is divided by 2025?
38
Calculate the remainder when 12649 is divided by 4211.
16
What is the remainder when 427442 is divided by 382?
366
What is the remainder when 50969337 is divided by 3477?
3471
Calculate the remainder when 200162 is divided by 271.
164
Calculate the remainder when 1025402 is divided by 2501.
2493
Calculate the remainder when 984165 is divided by 350.
315
Calculate the remainder when 7604561 is divided by 1267361.
395
What is the remainder when 7987927 is divided by 1396?
15
What is the remainder when 63279830 is divided by 1892?
1890
Calculate the remainder when 4047024 is divided by 23.
13
What is the remainder when 70132503 is divided by 6367?
6365
What is the remainder when 526656 is divided by 1492?
1472
Calculate the remainder when 49743899 is divided by 104.
75
Calculate the remainder when 7162277 is divided by 421305.
92
Calculate the remainder when 16019222 is divided by 19.
18
What is the remainder when 912438 is divided by 3020?
398
Calculate the remainder when 37519 is divided by 18682.
155
What is the remainder when 214455 is divided by 1160?
1015
Calculate the remainder when 88587 is divided by 599.
534
What is the remainder when 209534018 is divided by 75048?
2
Calculate the remainder when 115458 is divided by 75.
33
What is the remainder when 14168 is divided by 4524?
596
What is the remainder when 36986488 is divided by 1299?
61
Calculate the remainder when 74025424 is divided by 397.
10
Calculate the remainder when 573350 is divided by 3561.
29
What is the remainder when 6295831 is divided by 455?
451
What is the remainder when 2168472 is divided by 6?
0
Calculate the remainder when 1799675 is divided by 83.
69
Calculate the remainder when 908715 is divided by 42.
3
Calculate the remainder when 24828986 is divided by 32.
26
What is the remainder when 1458936 is divided by 32?
24
Calculate the remainder when 2537796 is divided by 281977.
3
Calculate the remainder when 10580855 is divided by 264.
263
What is the remainder when 114316 is divided by 27?
25
Calculate the remainder when 2160803 is divided by 242.
227
What is the remainder when 63211 is divided by 10294?
1447
What is the remainder when 11012 is divided by 2727?
104
What is the remainder when 472272 is divided by 94452?
12
What is the remainder when 3370352 is divided by 54?
50
What is the remainder when 186786 is divided by 18661?
176
What is the remainder when 1363536 is divided by 115?
96
What is the remainder when 44739061 is divided by 324196?
13
What is the remainder when 49906 is divided by 707?
416
Calculate the remainder when 1304536 is divided by 433484.
4084
Calculate the remainder when 27772 is divided by 532.
108
Calculate the remainder when 34888429 is divided by 101.
100
Calculate the remainder when 33802 is divided by 1533.
76
Calculate the remainder when 663506112 is divided by 287.
283
Calculate the remainder when 25559517 is divided by 336.
333
Calculate the remainder when 168754521 is divided by 41.
38
What is the remainder when 31186891 is divided by 737?
736
Calculate the remainder when 25471048 is divided by 23240.
8
Calculate the remainder when 33423674 is divided by 4774809.
11
What is the remainder when 47463913 is divided by 3235?
3228
What is the remainder when 7061810 is divided by 308?
294
Calculate the remainder when 20929 is divided by 10275.
379
Calculate the remainder when 621325 is divided by 8141.
2609
What is the remainder when 52947381 is divided by 2914?
1
Calculate the remainder when 61838 is divided by 532.
126
What is the remainder when 5503323 is divided by 383?
379
What is the remainder when 364403 is divided by 11036?
215
What is the remainder when 749733 is divided by 12317?
10713
What is the remainder when 28954089 is divided by 373?
337
What is the remainder when 470051 is divided by 590?
411
What is the remainder when 2829819 is divided by 52?
31
Calculate the remainder when 13998 is divided by 4233.
1299
Calculate the remainder when 3154587 is divided by 740.
707
Calculate the remainder when 51476435 is divided by 396.
395
Calculate the remainder when 73439517 is divided by 20.
17
Calculate the remainder when 3486845175 is divided by 1993.
1990
What is the remainder when 16611947 is divided by 374?
363
Calculate the remainder when 755078 is divided by 151014.
8
Calculate the remainder when 3557812 is divided by 21.
13
What is the remainder when 156320158 is divided by 30?
28
Calculate the remainder when 34560 is divided by